alse
Is 109427627 prime?
True
Is 45157199 a composite number?
False
Is 176477693 composite?
True
Is 28073 composite?
True
Is 22605241 a prime number?
True
Is 409561 composite?
True
Is 1877209 a prime number?
True
Is 67124389 a prime number?
True
Is 1906517 a composite number?
True
Is 64391137 prime?
False
Is 10025051 a composite number?
False
Is 32419537 a composite number?
False
Is 1344961 prime?
False
Is 2763077 a prime number?
False
Is 6412027 a composite number?
True
Is 17127811 a composite number?
True
Is 11510153 a prime number?
True
Is 74770979 a prime number?
True
Is 12222389 prime?
True
Is 2380474 a prime number?
False
Is 4215059 a prime number?
True
Is 1700117 prime?
False
Is 1817413 a prime number?
False
Is 7857853 prime?
True
Is 9529919 a prime number?
False
Is 5682043 prime?
False
Is 57635641 a prime number?
False
Is 12410357 composite?
True
Is 31523099 a composite number?
False
Is 138272767 a prime number?
True
Is 20322413 a prime number?
False
Is 46990697 prime?
False
Is 1306873 a prime number?
True
Is 1334681 composite?
False
Is 26497109 composite?
False
Is 93373279 a prime number?
True
Is 82097789 a composite number?
False
Is 17480857 a prime number?
True
Is 203039 a prime number?
True
Is 5032249 a prime number?
True
Is 7493483 a composite number?
True
Is 308207581 a composite number?
True
Is 122288143 composite?
False
Is 883681 prime?
False
Is 4938497 a composite number?
True
Is 13621523 prime?
True
Is 31918379 prime?
True
Is 1842923 a composite number?
True
Is 4173059 a composite number?
True
Is 874737139 composite?
True
Is 170425603 a composite number?
True
Is 4057769 composite?
False
Is 8906017 prime?
True
Is 4147433 composite?
True
Is 112713833 composite?
True
Is 31118459 a prime number?
True
Is 1234439 a composite number?
False
Is 23822563 a composite number?
False
Is 49046969 a prime number?
True
Is 184246739 prime?
True
Is 1380565 a composite number?
True
Is 69616861 prime?
True
Is 639085 prime?
False
Is 13311013 a composite number?
True
Is 3634269 prime?
False
Is 11275283 prime?
True
Is 13352711 composite?
False
Is 91638013 prime?
True
Is 209404565 a composite number?
True
Is 324295733 a prime number?
True
Is 92170493 composite?
True
Is 484714 prime?
False
Is 15298463 composite?
False
Is 301019461 a prime number?
True
Is 141698617 a prime number?
True
Is 321233239 prime?
True
Is 483354983 composite?
False
Is 306301 a prime number?
True
Is 1159211 composite?
True
Is 8365223 prime?
True
Is 13098493 composite?
False
Is 4447841 prime?
True
Is 1377049 a composite number?
True
Is 79172479 prime?
True
Is 112366333 a composite number?
False
Is 20216117 prime?
False
Is 2519480197 prime?
False
Is 1270759 prime?
False
Is 2780611 a composite number?
True
Is 9893567 a composite number?
True
Is 6426557 composite?
False
Is 34802231 composite?
True
Is 1494205 composite?
True
Is 97181429 a composite number?
False
Is 225547919 a composite number?
False
Is 508574327 prime?
True
Is 1342639 prime?
False
Is 530225771 a composite number?
False
Is 49737995 a composite number?
True
Is 1519883 a prime number?
True
Is 338659 a composite number?
False
Is 503147 composite?
False
Is 8843591 a composite number?
False
Is 1014318061 a prime number?
True
Is 1087546637 a composite number?
True
Is 1317941 a prime number?
True
Is 50693423 composite?
True
Is 29742787 a prime number?
False
Is 72337 a prime number?
True
Is 952177 prime?
False
Is 77069 a prime number?
True
Is 21450874 prime?
False
Is 915839 a prime number?
True
Is 261749791 prime?
True
Is 51505 prime?
False
Is 8503157 a composite number?
True
Is 451209443 a composite number?
False
Is 1792433 prime?
True
Is 42485887 prime?
True
Is 71726587 a prime number?
False
Is 8338481 composite?
False
Is 28366847 a prime number?
False
Is 186034229 prime?
True
Is 160259111 composite?
True
Is 9450523 prime?
True
Is 11317921 a prime number?
True
Is 11926991 a composite number?
False
Is 5926601 a composite number?
False
Is 2451079 prime?
True
Is 3179321 prime?
False
Is 351547 prime?
False
Is 610199 a composite number?
False
Is 19014043 composite?
False
Is 745957 composite?
True
Is 50287283 prime?
False
Is 249457921 a prime number?
False
Is 1420151 composite?
False
Is 69044953 prime?
True
Is 7872901 composite?
True
Is 11697839 a composite number?
False
Is 1945835 composite?
True
Is 34399517 a prime number?
False
Is 1908889 prime?
False
Is 196142899 composite?
False
Is 24977767 prime?
True
Is 72216973 a composite number?
True
Is 28200163 a prime number?
False
Is 76032961 composite?
True
Is 2537615 composite?
True
Is 264437 a prime number?
True
Is 10441099 composite?
False
Is 161322769 prime?
True
Is 350223 a composite number?
True
Is 2030857 a prime number?
False
Is 44933297 a prime number?
True
Is 9325597 a composite number?
True
Is 1801517 a composite number?
False
Is 762164957 composite?
False
Is 2701085 prime?
False
Is 4757009 prime?
True
Is 299523347 a composite number?
False
Is 98383 prime?
False
Is 1258134301 a prime number?
True
Is 315769 prime?
False
Is 12967757 composite?
True
Is 2455393 prime?
False
Is 1906817 a prime number?
False
Is 57354659 prime?
True
Is 163393 composite?
False
Is 3381401 a composite number?
False
Is 3223529 a composite number?
False
Is 228999 a composite number?
True
Is 16475933 a prime number?
True
Is 3211423 prime?
False
Is 40021231 composite?
False
Is 26660377 a composite number?
False
Is 3435811 a composite number?
True
Is 43034809 prime?
True
Is 245690359 composite?
True
Is 4373571 prime?
False
Is 3311459 a composite number?
True
Is 36953489 composite?
False
Is 823609 a composite number?
True
Is 84414235 composite?
True
Is 1783493 a composite number?
False
Is 913096079 composite?
True
Is 87218311 a composite number?
False
Is 1002371 composite?
True
Is 2089657 composite?
True
Is 571871 a composite number?
False
Is 3890477 prime?
False
Is 42247037 composite?
True
Is 9819703 a prime number?
True
Is 50697487 prime?
False
Is 186581 a prime number?
True
Is 169016447 composite?
True
Is 91684903 composite?
False
Is 1877357 composite?
False
Is 89437 a composite number?
True
Is 11597669 composite?
False
Is 651262837 a prime number?
True
Is 3975317 a prime number?
False
Is 1060990622 composite?
True
Is 410091295 a prime number?
False
Is 17262881 a prime number?
True
Is 100243649 a prime number?
False
Is 19242001 prime?
False
Is 2857079 composite?
False
Is 6025901 prime?
False
Is 115620511 composite?
False
Is 11002661 composite?
False
Is 32778191 composite?
True
Is 110328947 a composite number?
True
Is 15335653 prime?
False
Is 2035193 a prime number?
True
Is 1013651 prime?
False
Is 642190411 a prime number?
False
Is 227650217 a prime number?
False
Is 2297914 a prime number?
False
Is 664503537 a composite number?
True
Is 17879377 a prime number?
False
Is 601567 a composite number?
True
Is 42686387 a prime number?
False
Is 1324481 a prime number?
True
Is 637170271 a composite number?
False
Is 5999107 prime?
True
Is 57361771 a prime number?
True
Is 13398713 a composite number?
True
Is 10841813 a prime number?
False
Is 122334131 a composite number?
False
Is 47863 a composite number?
True
Is 340351 prime?
False
Is 125701795 prime?
False
Is 4163219 prime?
True
Is 991879 composite?
True
Is 51770965 a composite number?
True
Is 30934273 a prime number?
True
Is 1676563 prime?
False
Is 112620403 prime?
False
Is 4344223 prime?
False
Is 427801 composite?
True
Is 161692837 prime?
True
Is 4203415 a prime number?
False
Is 9391801 composite?
False
Is 2118799 composite?
False
Is 37401269 composite?
False
Is 9981949 a composite number?
True
Is 95377127 a prime number?
False
Is 1129603 a prime number?
True
Is 21925311 composite?
True
Is 143000615 composite?
True
Is 5821269 a composite number?
True
Is 5404673 a composite number?
False
Is 2024534 a composite number?
True
Is 139562099 composite?
False
Is 105945431 a composite number?
False
Is 2856939 composite?
True
Is 2659541 prime?
False
Is 57997403 a composite number?
False
Is 370541111 a composite number?
False
Is 1764197 a prime number?
False
Is 21496877 a prime number?
True
Is 72214013 composite?
True
Is 831169 prime?
False
Is 3603433 composite?
True
Is 18106157 a composite number?
False
Is 159072897 composite?
True
Is 26461969 prime?
False
Is 735